erivative of u**5/60 - 5*u**4/24 - 3*u**3/2 - 2*u**2 - 1. Let z(q) be the second derivative of b(q). List the prime factors of z(8).
3, 5
Suppose -145 - 303 = -7*u. What are the prime factors of u?
2
Let p(h) = 4*h**2 + 4*h - 2. Let b be p(-4). Suppose 5*o - b = -16. List the prime factors of o.
2, 3
Let s = -9 - -12. Let j(k) = 4*k - 1. Let i be j(s). Suppose 2*u - i - 21 = c, 42 = 3*u - 3*c. What are the prime factors of u?
2, 3
Let j(t) = 6*t + 235. List the prime factors of j(0).
5, 47
Suppose 2*d + 2 = 10. Suppose m = 3*f + 2*f - 66, 0 = -5*f - d*m + 86. What are the prime factors of f?
2, 7
Let i(b) be the third derivative of -b**4/24 - b**2. Let n = 51 + -54. What are the prime factors of i(n)?
3
Suppose 0 = -2*n + 40 - 124. List the prime factors of 3/((-9)/n) - 2.
2, 3
Suppose -82 = -51*b + 50*b. What are the prime factors of b?
2, 41
Let f(n) = n**2 - 9. Let j be f(0). List the prime factors of 22 - (-6)/j*3.
2, 5
Let y(c) = c - 7. Let o be y(7). Let h be 0/(o - 1) + 21. Let r = h - 9. What are the prime factors of r?
2, 3
Suppose -48 + 8 = -5*r. Let k(x) = x**2 - 3*x + 1. What are the prime factors of k(r)?
41
Let t(i) = -i**2 - 1. Let u(z) = -3*z + 2. Let w(q) = -t(q) - u(q). List the prime factors of w(3).
17
Let p be -2*20 - 0 - 0. What are the prime factors of (-1272)/p - (-2)/10?
2
Let p(u) = u - 6. Let z be p(6). Suppose 3*q - b - 12 = z, -3 = -0*q - 2*q - b. Let a = q + 6. List the prime factors of a.
3
Let q be (-2 + 2)*(-2 + 3). Let x(v) = -v**3 - v**2 + v + 13. Let d be x(q). Suppose -4*c - 17 = -3*t, -3*c = -3*t + 2*c + d. What are the prime factors of t?
11
Let q(l) = -5*l**3 + l**2 + 9*l + 2. Let v(k) = 14*k**3 - 2*k**2 - 26*k - 5. Let a(t) = 17*q(t) + 6*v(t). What are the prime factors of a(4)?
2
Suppose 6*x - 2657 + 197 = 0. List the prime factors of x/10*(0 - -1).
41
Suppose -d + 13 = -0*d. Suppose -3*n + 2*k - d = -46, -4*n - 3*k + 61 = 0. List the prime factors of n.
13
Suppose -65 + 23 = -2*i. What are the prime factors of i?
3, 7
Suppose -3*j = -9, 0 = -2*b - 5*j + j + 284. What are the prime factors of b?
2, 17
Suppose -21 = -2*b - b. Suppose b*y - 3*y = 132. Let z = y + -23. List the prime factors of z.
2, 5
Suppose -2*l + 2*u + 12 = 0, 4*l + 5*u - 15 = -0*l. Let v = l + 0. Suppose -v*t = -0*r + r + 7, -4*t - 3 = r. What are the prime factors of r?
13
Suppose 4*x - 260 = -x. Suppose -x = 5*b - 12. Let l(o) = o**3 + 9*o**2 + 5*o - 7. List the prime factors of l(b).
17
Let y = -59 - -62. Let r = -2 - -6. Suppose -r*j = -2*b - y*b + 38, -3*j - 18 = -2*b. List the prime factors of b.
2, 3
Suppose 0 = 2*q + 2 - 6. List the prime factors of q.
2
Suppose -5*g + 7 + 18 = 0. Let c be (-2)/(-8) - (-150)/8. Suppose -g*m + 31 = -c. List the prime factors of m.
2, 5
Let l be (-14)/(-3) + (-4)/6. What are the prime factors of (-3)/12 - (-101)/l?
5
Let y(k) = k + 8. Let u be y(-6). Let m be -2*(-11)/u - 1. Let w(c) = -c**2 + 11*c - 3. What are the prime factors of w(m)?
7
Let w = 181 - 104. List the prime factors of w.
7, 11
Let q = 9 - 5. Suppose -63 = -q*y + 5*f, y - 4*f = -2*y + 46. List the prime factors of y.
2, 11
Let m(y) = y**3 + 0 + 2 + 3 + 12*y**2 - 2*y + 3. What are the prime factors of m(-12)?
2
Suppose -t - 3*i + 14 = 0, 2*t + 4 - 2 = 4*i. Suppose t*q + 1 = 341. What are the prime factors of q/10 - 2/(-10)?
7
What are the prime factors of -2 - (-12)/(-9)*(0 - 33)?
2, 3, 7
Let y = -7 - -7. Suppose -4*i + 2*p = -40, -2*i + y*p - p = -12. List the prime factors of i.
2
Suppose -3 = -j - 4, -4*h + 5*j + 197 = 0. List the prime factors of h.
2, 3
Let z be ((-6)/(-3) + 0)/(-2). Let s = -15 + z. Let t = s - -27. List the prime factors of t.
11
Suppose 4*d = 74 + 110. Let s be 1/4 - d/(-8). What are the prime factors of s/(-21) + (-130)/(-14)?
3
Let g(l) be the third derivative of l**6/40 - l**5/15 + l**4/6 - l**3/2 - 2*l**2. List the prime factors of g(2).
13
Let x(i) = -2*i**2 + 6*i + 7. Let w(l) = l**2 - l**2 + 12*l - 2*l**2 + 14 - l**2. Let p(z) = 3*w(z) - 5*x(z). What are the prime factors of p(-7)?
2, 7
Suppose -3*f + 136 = f. Let z = f + 6. What are the prime factors of z?
2, 5
Let b(c) = 1 - c**3 - 1 + 1 - c + 3*c**2. Suppose 4*k = 7 + 1. What are the prime factors of b(k)?
3
Let k = -57 + 206. What are the prime factors of k?
149
Suppose 0 = -k + 2*k - 17. List the prime factors of k.
17
Suppose -2*o - 6 + 24 = 5*p, p = 2*o - 6. Suppose 4*f = -4*j + 36, -o*f + 31 = 3*j + f. Let r = 1 + j. What are the prime factors of r?
2
Let f(b) = -2*b - 3. Let n be f(-5). Let z(j) be the second derivative of j**4/12 - 5*j**3/6 + 3*j**2 + 3*j. What are the prime factors of z(n)?
2, 5
Let z = 24 - 18. Suppose z*x - 175 = x. List the prime factors of x.
5, 7
Let m = -3 + 6. Suppose -4*n + 18 = -m*n. List the prime factors of n.
2, 3
Let j = -39 + 93. List the prime factors of j.
2, 3
Let u = 2 + -2. Suppose u = -4*g + 19 + 113. What are the prime factors of g/6 + 1/2?
2, 3
Let r(s) = -s + 42. List the prime factors of r(5).
37
Let u(l) = -l**2 - l - 1. Let p be u(3). Let d = -6 - p. List the prime factors of d.
7
Let m = 19 - -29. Let p(w) = -w. Let g be p(0). Suppose -3*y + 0*a + m = 2*a, -2*a = g. List the prime factors of y.
2
Suppose -134 = -5*x + 96. Let v = -23 + x. List the prime factors of v.
23
Suppose b + 3*t - 43 = -2*t, 5*b - 5*t - 95 = 0. Suppose 0*p + 4*p - 28 = 0. Suppose -b - p = -5*i. What are the prime factors of i?
2, 3
Let d(j) = j + 8. Let b be d(-6). Let r = b + 0. List the prime factors of 1/r*0 - -17.
17
Let o(q) = q**2 - q + 8. Let s(v) = 3*v - 1. Let w be s(1). Let k = w + -2. List the prime factors of o(k).
2
Let s = 66 - 2. What are the prime factors of s?
2
List the prime factors of ((-26)/(-5))/((-20)/(-100)).
2, 13
Let n(f) = -f. Let d be n(-3). Suppose d*j + 4 + 11 = 0. What are the prime factors of (j/15)/((-2)/66)?
11
Let l(z) be the first derivative of -z**4/2 - 2*z**3/3 + z**2 - 3. What are the prime factors of l(-2)?
2
Suppose 4*n - r - 72 = 2*r, -5*r = -n + 35. List the prime factors of n.
3, 5
Let m(l) = 4*l**2 - 19*l - 5. What are the prime factors of m(8)?
3, 11
Let s(b) = -b**2 - b - 18. Let t be s(0). Let q = -8 - t. List the prime factors of q.
2, 5
Let m = 50 - -38. List the prime factors of m.
2, 11
Suppose 0 = 5*r - 5*f - 30, -f - 18 = 2*r - 7*r. Suppose 0*w - 3 = -w. Suppose -w*l - r + 24 = 0. What are the prime factors of l?
7
Suppose 0*y + 3*y = 129. What are the prime factors of (-13 + y)/(2/3)?
3, 5
Suppose -6*j = -5*j - 100. List the prime factors of j.
2, 5
Suppose 4*h - 5*f - 332 = -2*f, 2*f = 3*h - 249. What are the prime factors of h?
83
Suppose 4*d = 5*g + 23, 0 = -5*d + g + 9 + 4. Let n(h) = h**2. Let t be n(d). Suppose 0 = -2*p + t + 2. List the prime factors of p.
3
What are the prime factors of (30/8)/((5/(-24))/(-5))?
2, 3, 5
Suppose 2*u + 54 = y - 0*y, -4*y - 3*u = -172. Let g be 1/2*256/4. Let w = y - g. List the prime factors of w.
2, 7
Let b = 1 - 1. Suppose 2*l - 6 = -n - 3, b = -l - 1. List the prime factors of n.
5
Suppose 0 = 2*x + 3*x - 5. Let v = -2 + x. Let g = v - -15. What are the prime factors of g?
2, 7
Suppose 0 = 2*f - a - 5, 6 = 4*f - a - 3. Suppose 3*j - f*i - 2*i = 22, 4*i = -5*j + 26. What are the prime factors of j?
2, 3
Suppose 22 = 3*o - z, z - 22 = -o + 5*z. Let x be (-2)/6 - o/9. Let w(b) = -4*b - 1. List the prime factors of w(x).
3
Let d(m) be the second derivative of -m**4/12 - 5*m**3/3 + 2*m**2 + m. Let p(a) = a - 20. Let x be p(12). List the prime factors of d(x).
2, 5
Let n be 0 + -3 + 1 + -4. Let b(v) = 2*v**2 + 10*v + 7. List the prime factors of b(n).
19
Let r = 142 + -35. List the prime factors of r.
107
Suppose -3*h - 12 = -6*h, 0 = -4*l - h + 16. Let m be (-2)/l*18/(-4). Suppose -m*w + 20 = 2*w. What are the prime factors of w?
2
Let t be (-2 - -1)*0/(-1). List the prime factors of (-15 + t)/(-1) - -1.
2
Let x(u) = -3*u**2 - 2*u + 4. Let g be x(-3). Let p(r) = -20*r**2 - 8. Let f(s) = 7*s**2 + 3. Let a(t) = g*f(t) - 6*p(t). What are the prime factors of a(-4)?
13
Suppose 6 = 2*p - 0*p. List the prime factors of p.
3
Let a(b) be the first derivative of 3*b**2 - 2*b - 3. Let z be a(2). What are the prime factors of -5*((-12)/z + -2)?
2
Let o(s) = s**2 - 3*s + 9. List the prime factors of o(6).
3
Suppose -4*u + 205 = 5*j, 6*u 